Suppose 13 = 2*p + 5. Suppose -p*z + b = -z. What is the tens digit of z?
2
Let b(k) = 2*k - 14. Let r be b(7). Suppose -c = 2*c + t - 150, r = -4*c + 5*t + 219. Suppose 129 = 5*w - c. What is the units digit of w?
6
Let z(s) = s**3 + 5*s**2 - 37*s - 8. What is the tens digit of z(6)?
6
Let r(k) = -2*k - 1. Let g be r(4). Let q(i) = -i**3 + 10*i**2 - 19*i + 14. Let p be q(8). Let u = g - p. What is the units digit of u?
1
Let z be ((-4)/(-6))/(11/528). What is the units digit of z - (3*-2)/3?
4
What is the thousands digit of -49 - -44 - (-2 + 2 + -1779)?
1
What is the thousands digit of 2 - ((-1084509)/324)/(6/8)?
4
Suppose 0 = -8*f + 10*f - 1020. Suppose -f = 6*r - r. What is the tens digit of r/(-5) + 18/30?
2
Let m(y) = 11*y + 2. Let v be 22/121 + (-64)/(-11). What is the units digit of m(v)?
8
Let m(y) = -y**2 - 2*y - 2. Let k be m(-4). Let q = k + 10. Suppose -3*l = -5*g - 17, -2*g + 4*g - 4 = q. What is the units digit of l?
9
Let b(a) = a**2 - 15*a + 24. Let p = -40 - -59. What is the tens digit of b(p)?
0
Suppose 9*q + 18600 = 34*q. What is the hundreds digit of q?
7
Suppose -10899 = 148*c - 155*c. What is the units digit of c?
7
Let n(q) be the third derivative of -q**4/6 + q**2. Let a be -1 + (2 - 5) + 3. What is the units digit of n(a)?
4
Let r(p) be the second derivative of p**3/2 - 7*p**2/2 - 10*p. Let a be r(3). Suppose 0 = 3*t - t - 8, 0 = -4*w - a*t + 40. What is the units digit of w?
8
Let f(v) = v - 25. Let l be f(15). What is the units digit of (-2415)/l - 3/12*-6?
3
Let u = -569 + 569. Let y = 168 + -117. Let a = y + u. What is the units digit of a?
1
Let i = 1267 + -308. What is the hundreds digit of i?
9
Let x(u) = -31*u - 715. What is the tens digit of x(-39)?
9
Suppose -4*q = 4*m - 15473 - 2351, -2*q = 8. What is the thousands digit of m?
4
Let z(p) = -53*p**3 - p**2 + 1. Let t be z(-1). Let f = t + 78. Suppose -5*y = -b - f, 2*y + 3*y - 2*b = 132. What is the units digit of y?
6
Suppose 4*m + 4 = 0, -o + 2*m - 6*m + 1 = 0. Suppose -3*d = o*h - 247, h = 5*d - 3*d + 52. What is the tens digit of h?
5
What is the hundreds digit of (-2)/(-8) + 3635/4?
9
Let w be ((-11)/((-33)/(-6)))/((-1)/2). Suppose -w*v = g - 2*g + 134, 3*g - v - 424 = 0. What is the tens digit of g?
4
Suppose -51*o = -49*o - 782. What is the tens digit of o?
9
Let s(g) = g**2 + 10*g - 7. Let v be s(-11). Suppose 5*u = -v*r + 4*u - 9, -5*r = 2*u + 12. What is the units digit of 14 - (-5 - -3) - r?
8
Let h be (20/2)/((-34)/(-221)). Let k = h - 47. What is the units digit of k?
8
Let c = 1227 - 655. Suppose -v + c = 3*v + 4*t, -t = 3*v - 433. What is the units digit of v?
5
Let j(w) = 4*w - 8. Let a be j(3). Suppose -3*v - a*y = -111, 2*v - 4*v + 4*y = -94. What is the tens digit of v?
4
Let v(f) = -1555*f**3 - 2*f**2 - 3*f - 2. What is the hundreds digit of v(-1)?
5
What is the tens digit of (28/(-35) + 0)/(1/(-3790))?
3
Suppose 5*v + 20 = 0, -4*h = 2*v + 3*v + 84. Let b(q) = q**3 + 3*q**2 - 4. Let s be b(-3). What is the tens digit of h/(-3)*(-9)/s?
1
Let j(q) be the third derivative of -q**6/120 + 27*q**3 + 24*q**2. What is the units digit of j(0)?
2
What is the tens digit of (-5335)/(-25) + (-6)/(-10)?
1
Suppose -49*z = -45*z - 5336. What is the hundreds digit of z?
3
Let y = -81 + 83. Suppose b + 5*z - 8 = 0, -b + 0*z - 1 = -4*z. Suppose y*w - w = b. What is the units digit of w?
3
Suppose 4 = 2*p - 0. Suppose p*d + 3*d - 299 = -4*l, l = -4. What is the units digit of d?
3
Let w(i) = i**3 + 8*i**2 + 3*i + 6. Let n be w(-8). Let f be 77/33*n/2. Let g = f - -35. What is the units digit of g?
4
Suppose -2186 = n - 2*n - 3*d, 0 = -3*d. Suppose -12*z + n = -226. What is the tens digit of z?
0
Let x(z) = -8 + z**2 + 7*z**2 + 12*z**2. What is the units digit of x(-3)?
2
What is the units digit of 0 - 1 - 8/((-24)/729)?
2
Let o be (-621)/(-4) - 1/(-8)*-2. Suppose -2*s - o = -t - 4*s, t - 155 = -s. What is the hundreds digit of t?
1
Suppose b - 2*b + 4*o - 2 = 0, -24 = -3*b + 2*o. Suppose -b*n + 3*n = -315. What is the units digit of n?
5
Suppose -60 = -0*u + 4*u. Let v be (10/u)/((-1)/6). Suppose 4*h - 96 = -v*p, 5*p + 48 - 148 = -4*h. What is the units digit of h?
0
Let y = 10 + -11. Let d(q) = 6 + 19*q**2 - 6 + q. What is the tens digit of d(y)?
1
Let s be ((-10)/5)/(6/(-87)). Let i = s + -24. Suppose -3*q - i*t - 13 = 0, 6*q - 4*t = 2*q + 36. What is the units digit of q?
4
Let v = 1014 + -486. What is the hundreds digit of v?
5
Let r(o) = o**3 - 13*o**2 - 9*o - 27. What is the tens digit of r(16)?
9
Let v(o) = 5*o - 19. Let g be v(4). What is the units digit of (8/2)/g - 2?
2
Let s(z) = 36*z + 60. What is the hundreds digit of s(12)?
4
What is the units digit of -1*(-2 - -1)*755?
5
Suppose -5*s + 5*p + 11709 = -4341, 0 = s - 4*p - 3198. What is the hundreds digit of s?
2
Suppose -x + 5013 + 1487 = 3*m, 6505 = 3*m - 4*x. What is the tens digit of m?
6
Suppose 5*h = h + 20. Suppose -609 - 254 = -3*k + 2*n, -h*n - 1430 = -5*k. What is the tens digit of k?
9
Let k(l) = 14*l**3 + 37*l**2 - 11*l + 16. What is the units digit of k(6)?
6
Suppose 2*h = 934 - 220. What is the units digit of h?
7
Suppose -3*w + 8 = -n, 4*w = 2*n + 3*n + 7. Suppose -w*t = -t - 138. What is the tens digit of t?
6
Let p = -11 + -1. What is the hundreds digit of 8/p + (-604)/(-12)*2?
1
Suppose 3*b = 3*q + q - 418, 2*q - 212 = 3*b. Suppose 2*j = -4*v + 216, j + 64 = 3*v - q. What is the units digit of v?
5
Let n = 3856 - 2614. What is the tens digit of n?
4
Suppose 17*v = -2621 + 17649. What is the units digit of v?
4
Let s(p) = p**2 - 4*p + 5. Let r be s(4). Suppose 29 - 199 = -r*g. What is the units digit of g?
4
Let j(t) = -2*t**2 - 8*t + 3. Let d be j(-4). Suppose -d*w = 5*n - 460, w = -3*n - 4*w + 276. What is the units digit of n?
2
Let m = 12 + -4. Suppose 0 = l + 2*x - 18, 5*l + 3*x - 63 = -m. Suppose l*r = 3*r + 190. What is the units digit of r?
8
Suppose k - 249 = i + 16, 3*k = -2*i + 820. What is the units digit of k?
0
Suppose 1559 = 18*q - 5065. What is the units digit of q?
8
Let t(z) = 2*z**2 + 20*z - 16. Let f be t(-11). What is the units digit of 105 + (8 - f)*1/(-2)?
4
What is the tens digit of 2*303*(0 + 1)?
0
Let s(c) = c - 2. Let d be s(4). Let w be (d + (-14)/5)*20. Let z(v) = -v**2 - 15*v + 21. What is the units digit of z(w)?
5
Let h(o) = 11*o**2 - 12*o + 53. What is the hundreds digit of h(-7)?
6
Suppose 0 = -21*a + 15800 - 911. What is the tens digit of a?
0
Let w(k) = k**3 + 7*k**2 + 8*k + 8. Let r be w(-6). Let t = -4 - r. Suppose 3*b = 3*i + 99, t*i + 2*i - 4 = 0. What is the tens digit of b?
3
Suppose 0 = -3*j - 1677 + 1827. What is the units digit of j?
0
Suppose 21*z - 17*z = 124. Let c(m) = -z*m**2 - m**3 + 32 + 32*m**2 + 0*m**3. What is the units digit of c(0)?
2
Let i be 0*1/3*3. Suppose i = 5*h - 272 + 62. What is the tens digit of h?
4
Let p = 11 + -39. Let q = 22 + p. Let u = q - -44. What is the units digit of u?
8
Let d(r) be the first derivative of -r**3/3 - 3*r**2 - r - 4. Let c be d(-5). Suppose 2*f = -5*u + c*u + 45, 4*f - 3*u = 105. What is the units digit of f?
4
Let u(d) = -d**2 - d + 12. Let j be u(0). What is the hundreds digit of (5 - (-415)/20)*j?
3
Let y(t) = -7*t - 7. Let u be (6/(-4))/((-30)/(-40)). What is the units digit of y(u)?
7
Let r be -12*1/(-6)*3. Let u = r - 6. Let d(o) = o**2 + o + 4. What is the units digit of d(u)?
4
Let b be (-7 + 4)/6*2. What is the hundreds digit of 9 + -7 + b + 229?
2
Let g = 79 - 74. Let s be (-1)/1*(3 + -5). Suppose -7 = 5*l + g*q - 92, -s*l = q - 36. What is the units digit of l?
9
Let d(u) = u**3 - 10 + 3*u + 6*u**2 + 0*u**2 + u - 2*u. Let j be d(-5). Suppose 4*l = 2*z - 44, -j*z + 5*l + 110 = -0*z. What is the tens digit of z?
2
Suppose l + 3*k - 1 = -0, 2*k = 5*l - 5. Let o(g) = -27*g**3 + g**2. Let s be o(l). Let a = s + 28. What is the units digit of a?
2
Suppose -5282 = -5*i - 3*y, 5*y + 1005 + 1083 = 2*i. What is the thousands digit of i?
1
Let l = -7 - 6. Let c = l + 49. What is the units digit of c?
6
Suppose -2*u = f + f - 72, f = u + 32. Let h = f - -3. What is the units digit of h?
7
Let k(j) = j**2 - j + j**2 + 4 - 5*j - j. Suppose -5*t = -17 - 8. What is the units digit of k(t)?
9
Suppose -4*b + 0*b - 32 = 5*c, 29 = -3*b - 5*c. Let m(y) = -y**3 - 3*y**2 - y + 7. Let g be m(b). W